s the thousands digit of 364868863?
8
What is the hundred thousands digit of 935832785?
8
What is the hundred thousands digit of 130243186?
2
What is the ten millions digit of 26770111?
2
What is the hundreds digit of 5406581555?
5
What is the hundreds digit of 587041367?
3
What is the hundred millions digit of 118769847?
1
What is the ten thousands digit of 2649175588?
7
What is the ten millions digit of 1697284112?
9
What is the thousands digit of 16302101?
2
What is the billions digit of 3820987843?
3
What is the units digit of 69584629?
9
What is the millions digit of 49073939?
9
What is the units digit of 20558167?
7
What is the ten millions digit of 112084983?
1
What is the tens digit of 120810301?
0
What is the ten millions digit of 133196262?
3
What is the billions digit of 1067764700?
1
What is the millions digit of 3425024775?
5
What is the hundred thousands digit of 962703075?
7
What is the ten millions digit of 183144893?
8
What is the ten millions digit of 13516067?
1
What is the thousands digit of 21610959?
0
What is the hundred millions digit of 152117911?
1
What is the ten millions digit of 5072617264?
7
What is the units digit of 5002242860?
0
What is the ten millions digit of 955137094?
5
What is the thousands digit of 2724614846?
4
What is the ten millions digit of 54378561?
5
What is the units digit of 24983725?
5
What is the ten millions digit of 210487746?
1
What is the units digit of 325709048?
8
What is the thousands digit of 239728635?
8
What is the ten thousands digit of 2367272325?
7
What is the tens digit of 118954287?
8
What is the tens digit of 38806792?
9
What is the hundreds digit of 163198390?
3
What is the hundreds digit of 184074201?
2
What is the hundreds digit of 77909101?
1
What is the hundreds digit of 338436624?
6
What is the tens digit of 44948384?
8
What is the hundred thousands digit of 349553818?
5
What is the hundreds digit of 73442644?
6
What is the tens digit of 2490672120?
2
What is the ten millions digit of 250726134?
5
What is the ten thousands digit of 745744808?
4
What is the millions digit of 92849287?
2
What is the ten millions digit of 2720823230?
2
What is the ten thousands digit of 465350836?
5
What is the hundreds digit of 893078321?
3
What is the hundred millions digit of 2167869687?
1
What is the hundreds digit of 518540237?
2
What is the units digit of 916597914?
4
What is the ten thousands digit of 6761743?
6
What is the ten thousands digit of 39805610?
0
What is the tens digit of 1477635214?
1
What is the millions digit of 120443712?
0
What is the units digit of 608162043?
3
What is the tens digit of 13166843?
4
What is the hundred millions digit of 130555653?
1
What is the tens digit of 11601071?
7
What is the units digit of 217024652?
2
What is the hundred thousands digit of 44838327?
8
What is the hundred thousands digit of 124865119?
8
What is the hundreds digit of 89742835?
8
What is the thousands digit of 6709268?
9
What is the ten thousands digit of 1665786821?
8
What is the hundred thousands digit of 46986014?
9
What is the millions digit of 441879312?
1
What is the hundred thousands digit of 138603055?
6
What is the ten thousands digit of 31552654?
5
What is the ten millions digit of 68980441?
6
What is the millions digit of 3484395752?
4
What is the thousands digit of 416330404?
0
What is the thousands digit of 29639230?
9
What is the hundreds digit of 158253157?
1
What is the millions digit of 43470197?
3
What is the hundred thousands digit of 74035198?
0
What is the ten millions digit of 401037874?
0
What is the ten thousands digit of 3332754388?
5
What is the tens digit of 230898753?
5
What is the hundred thousands digit of 1124635782?
6
What is the units digit of 1266048582?
2
What is the units digit of 500450289?
9
What is the hundred millions digit of 4254972135?
2
What is the hundred thousands digit of 143808940?
8
What is the ten millions digit of 1810772135?
1
What is the ten thousands digit of 214253578?
5
What is the millions digit of 667628134?
7
What is the thousands digit of 49572988?
2
What is the ten millions digit of 3813589765?
1
What is the thousands digit of 5273765629?
5
What is the units digit of 560299847?
7
What is the hundred millions digit of 2663412561?
6
What is the hundred thousands digit of 6266828?
2
What is the thousands digit of 460038906?
8
What is the units digit of 1611316591?
1
What is the tens digit of 1120675802?
0
What is the thousands digit of 1533973603?
3
What is the hundred millions digit of 260123504?
2
What is the ten thousands digit of 34284169?
8
What is the hundred thousands digit of 4245617235?
6
What is the thousands digit of 3807487964?
7
What is the thousands digit of 40038276?
8
What is the millions digit of 1674098?
1
What is the ten thousands digit of 46895413?
9
What is the units digit of 2818100714?
4
What is the hundred thousands digit of 9327100?
3
What is the hundred thousands digit of 3782168396?
1
What is the ten thousands digit of 409884207?
8
What is the ten millions digit of 51326575?
5
What is the hundred thousands digit of 165522422?
5
What is the hundreds digit of 13300393?
3
What is the hundred millions digit of 607230033?
6
What is the units digit of 691068044?
4
What is the hundreds digit of 98487814?
8
What is the hundred millions digit of 144915912?
1
What is the ten thousands digit of 24639309?
3
What is the ten thousands digit of 601354775?
5
What is the hundred millions digit of 4419025359?
4
What is the units digit of 22979903?
3
What is the hundred thousands digit of 13534962?
5
What is the thousands digit of 18681859?
1
What is the hundred millions digit of 839429158?
8
What is the thousands digit of 77788161?
8
What is the hundred millions digit of 193303215?
1
What is the units digit of 13155057?
7
What is the millions digit of 3937029281?
7
What is the tens digit of 64094516?
1
What is the millions digit of 14881840?
4
What is the millions digit of 5482462336?
2
What is the tens digit of 22313154?
5
What is the thousands digit of 172866843?
6
What is the hundred thousands digit of 4169846807?
8
What is the tens digit of 1464142619?
1
What is the ten thousands digit of 49403394?
0
What is the hundreds digit of 43886567?
5
What is the hundreds digit of 12406393?
3
What is the units digit of 5715467223?
3
What is the billions digit of 1913482118?
1
What is the hundred millions digit of 488319380?
4
What is the millions digit of 235740875?
5
What is the ten thousands digit of 191208444?
0
What is the units digit of 9070670?
0
What is the millions digit of 15753803?
5
What is the thousands digit of 468100671?
0
What is the millions digit of 29155242?
9
What is the units digit of 24055515?
5
What is the units digit of 192160146?
6
What is the ten thousands digit of 514701303?
0
What is the millions digit of 672809568?
2
What is the hundreds digit of 7245688?
6
What is the units digit of 82970599?
9
What is the thousands digit of 29863699?
3
What is the tens digit of 5863648918?
1
What is the ten millions digit of 47959171?
4
What is the hundred thousands digit of 386784730?
7
What is the hundred thousands digit of 181279813?
2
What is the millions digit of 77794400?
7
What is the hundred thousands digit of 3609494859?
4
What is the units digit of 314191719?
9
What is the ten millions digit of 39368844?
3
What is the thousands digit of 239943014?
3
What is the billions digit of 2405344705?
2
What is the tens digit of 129793759?
5
What is the millions digit of 62774332?
2
What is the tens digit of 650397366?
6
What is the millions digit of 163898150?
3
What is the billions digit of 2009351469?
2
What is the hundreds digit of 219983219?
2
What is the hundred thousands digit of 791080243?
0
What is the billions digit of 3817227494?
3
What is the hundred millions digit of 2330728735?
3
What is the hundred thousands digit of 7804839128?
8
What is the hundred millions digit of 1245423121?
2
What is the thousands digit of 107130581?
0
What is the thousands digit of 50065420?
5
What is the ten millions digit of 3082307020?
8
What is the ten thousands digit of 4037429559?
2
What is the ten millions digit of 1872745737?
7
What is the billions digit of 1146958861?
1
What is the hundred thousands digit o